 w be (-1)/2*(-50)/5. Suppose -3 - w = -p. What is the units digit of p?
8
Let t(d) = -d**3 + 4*d**2 + d + 10. Let z(b) = -b**2 + 1. Let w(a) = t(a) + 3*z(a). Let m be w(0). Let o = m + -2. What is the tens digit of o?
1
Suppose -38 + 208 = 5*q. What is the tens digit of q?
3
Let y(k) = -7*k + 4. Let u be y(4). Let l = -14 - u. What is the tens digit of l?
1
Let s = 5 + -3. Let z be (-117)/27 - s/(-6). Let k = 15 + z. What is the units digit of k?
1
Let a = -16 - -6. Let t = a - -30. What is the units digit of t?
0
Let g be 42/(-30) - (-2)/5. Let a be (0 - g)*(2 - 1). What is the units digit of 6/1 + 2 + a?
9
Let u(n) = -8*n**2 - n + 1. Let r be u(-2). Let x = -14 - r. What is the tens digit of x/2*(-16)/(-10)?
1
Let g be 234/10 + 12/(-30). Suppose 0 = -z + 12 + g. What is the tens digit of z?
3
Let l = -43 + 111. What is the units digit of l?
8
Suppose 2*g = 4*g. Let q(o) = -o + 2. Let a be q(0). Suppose 0 = a*b - g*b - 12. What is the units digit of b?
6
Let a(l) = -l - 4. What is the units digit of a(-6)?
2
Let h(d) = -2*d**3 - 2*d**2 + 3*d. What is the units digit of h(-3)?
7
Suppose -2*a + 11 = -31. Suppose -a = 4*t - 3*p, p = -5*t - 0*p - 31. What is the tens digit of (-2 - 7)*8/t?
1
Let v(g) = -10*g - 1. Let t(k) = 29*k + 3. Let w(h) = -6*t(h) - 17*v(h). What is the units digit of w(-1)?
3
Let q = -14 - -57. What is the tens digit of q?
4
Let j = 104 + 35. What is the units digit of j?
9
Let z(k) = -2 + 2*k**2 - k + 8 + 11*k. Let p be z(-8). What is the units digit of (p/24)/(3/16)?
2
Let r(y) = -y**2 + y + 1. Let x(k) = k**2 + k + 1. Let z(s) = -2*r(s) - x(s). What is the units digit of z(4)?
1
Suppose -3*k + 9 = 0, 6*h - k = h + 457. What is the units digit of h?
2
Suppose 6*j - 212 = 298. What is the units digit of j?
5
Let x(g) = g + 7. Suppose 2*y = -2*o + 5 + 1, -y + 4*o + 8 = 0. Suppose 12 = -y*d - 12. What is the units digit of x(d)?
1
Suppose -j - j = -20. Suppose 6 + j = -4*c. What is the units digit of 4/(-3)*18/c?
6
Suppose 5*s = -4*l + 87, -4*s = -0*s + 2*l - 66. What is the tens digit of s?
1
Let w(i) = i - 2. Let c(h) = h - 2. Let q(f) = 5*c(f) - 6*w(f). What is the units digit of q(-8)?
0
What is the tens digit of ((-32)/1)/((-30)/315)?
3
Suppose 17*i - 3340 = 434. What is the hundreds digit of i?
2
Let p(i) be the third derivative of -i**6/120 + i**5/15 - i**4/12 - 3*i**2. What is the units digit of p(3)?
3
Let v(h) = 5 - 11*h**2 + 23*h**2 - 12 - 9 - 4*h + h**3. What is the tens digit of v(-12)?
3
Suppose -3*a - 142 = -5*a. Suppose -5*f = 3*r - 39, 2*r - a + 29 = 2*f. Let w = 29 - r. What is the tens digit of w?
1
Let i = 2 - -3. Suppose i*y + 32 = -5*f - 3, 0 = 4*f + 12. What is the units digit of y/10 - 66/(-15)?
4
Let u(f) = f**2 + 2*f - 5. What is the units digit of u(4)?
9
Let u = 23 + -36. Let x = 6 - u. What is the tens digit of x?
1
Suppose 0 = -5*b - 5*o + 504 - 19, -b - 4*o + 109 = 0. What is the tens digit of b?
9
Let x(n) = -7 + 1 - 4*n**2 + 5*n - 2*n - n**3. Let d be x(-5). What is the units digit of d + -2 + (-4)/(-2)?
4
Suppose 3*h = -3*q + 2*q + 655, -4*q + 649 = 3*h. Suppose 3*y + 0*u - 145 = u, 5*y - h = -4*u. What is the tens digit of y?
4
Let o be 636/(-4)*4/2. What is the units digit of (-39)/52 + o/(-8)?
9
What is the units digit of (-367)/(-4) + ((-1)/4)/(-1)?
2
Let i = 15 - 6. Let c = i - 3. Let l = c + -1. What is the units digit of l?
5
Let c(g) be the first derivative of -g**4/4 - 4*g**3 - g**2 + 9*g - 8. What is the tens digit of c(-12)?
3
Let r = 27 + -17. Let y = r - 6. What is the units digit of y?
4
Let l = 5 + 21. Suppose 3*f = 2*f + l. What is the tens digit of f?
2
Let g be -21 + 4*3/6. Let f = 35 + g. What is the units digit of f?
6
Let j = 68 + -25. What is the tens digit of j?
4
Let l be (-6)/(-15) + 16/10. Suppose 45 = 5*k - 4*d - 18, -4*k - l*d = -66. What is the units digit of k?
5
Suppose -t + 3 = -3*a, -3*a = 4*t + t - 15. Suppose -t*u - 52 = -5*u. What is the units digit of u?
6
Let j be (-1)/((-3)/111) - 2. Let n be 2/(2 - 42/20). Let d = n + j. What is the units digit of d?
5
Suppose 7 - 31 = -4*u. What is the units digit of (3/u)/(2/36)?
9
Let j(w) = w**3 + w. Let a(i) = i**3 + 3*i**2 - i + 1. Let y(h) = -a(h) + 2*j(h). Let u be y(2). What is the units digit of (u/1 - -6)*1?
7
What is the units digit of (5 + -6)/((-3)/9)?
3
Let a = -3 - 1. Let u = a + 9. What is the units digit of (-117)/(-15) - (-1)/u?
8
Let n(a) = 65*a**2 - 3*a + 1. What is the units digit of n(1)?
3
Let w = -53 + 123. What is the tens digit of w?
7
Let l = -25 - -40. What is the units digit of l?
5
What is the units digit of 33/6 - 2/4?
5
Let a be 14/(-35) - 197/(-5). Let c = a - 24. What is the units digit of c?
5
Let j(g) = -g - 6. Let d be j(-8). Let q(n) = -n**2 + 11*n - 10. Let k be q(7). Suppose 4*v = -h + k, d*h - v = -0*h + 18. What is the units digit of h?
0
Let s(x) = x**2 + 5*x + 6. Let a be s(-4). What is the units digit of (-9)/(-2) - (-3)/a?
6
Let l = -10 - -18. What is the units digit of 18/l + 7/(-28)?
2
What is the tens digit of (-80)/3*(-27)/18?
4
Let l = 7 + 69. What is the units digit of l?
6
Let q(s) = -s**3 + 5*s**2 + 4*s + 7. Let h be q(6). Let f(y) = y**3 + 7*y**2 + 5*y - 1. What is the tens digit of f(h)?
2
Let c = -83 + 104. What is the tens digit of c?
2
Suppose 4*s - j - 107 = 0, -s + 2*s = 2*j + 18. What is the tens digit of s?
2
Let l = 95 + -45. What is the units digit of l?
0
Let m = 16 + -13. Suppose 3*t + 141 = 5*r, 6*t = -r + m*t + 21. What is the units digit of r?
7
Let d be -3 + (-13 + 3 - -3). Let z = d + 12. What is the units digit of z?
2
Let m be (2/3)/((-2)/12). Let x be 2/m*(-24)/(-2). Let t = -1 - x. What is the units digit of t?
5
Suppose 3*h = 3*v + 11 + 7, -3*h = 3*v - 12. What is the units digit of h?
5
Let h(i) = -i**2 + 17*i + 7. What is the units digit of h(9)?
9
Let j be 0*((-2)/(-6))/(-1). Suppose 3*z - z = j. Let a(x) = x + 9. What is the units digit of a(z)?
9
Let d(g) = g**2 + g - 1. Let j be -1*(6/(-3) - -2). Let n be d(j). What is the units digit of n/(-1)*-1 - -2?
1
Let s = 2 + -4. Let f = s + 7. Suppose -3*m + p = -2 - 8, f*m - 45 = -4*p. What is the units digit of m?
5
Let g = 57 + -26. What is the tens digit of g?
3
Let m = -45 - -62. What is the units digit of m?
7
What is the units digit of (-12)/(-24) + (2 - (-750)/4)?
0
Suppose 4*u - 38 = 90. What is the tens digit of u?
3
Suppose -5*w + 48 = -2*s + 4*s, -5*s + 35 = 4*w. Suppose -7*v + w*v = 0. Suppose v = b + 3*b - 4. What is the units digit of b?
1
Let k(c) = 2*c**3 + 4*c**2 - 4*c - 5. What is the hundreds digit of k(4)?
1
Let l = -19 - -30. Let g(a) = -a**3 - 3*a**2 + 2*a - 3. Let b be g(-4). Suppose 5*r - u = l, -b*r + 5 = 3*u - 2. What is the units digit of r?
2
Suppose 4*m + 4*k - 20 = 0, k = 3*m + 2*k - 13. Suppose 5*n = -3*z + 41, m*z = -2*n + 53 - 3. What is the tens digit of z?
1
Suppose a - 16 = 3*a + 5*c, 4*a + 5*c + 52 = 0. Let s be 4/(-18) + (-130)/a. Suppose 5*g - s = 3. What is the units digit of g?
2
Let s = 28 - 8. What is the tens digit of s?
2
What is the tens digit of 286/11 - 6/2?
2
Let u = 6 + -10. Let b be u/(-18) - 712/(-36). Suppose -2*t + b = 3*h, -4*t + 1 + 11 = -h. What is the units digit of t?
4
Suppose -296 = -4*u - 5*a + 856, 2*u = 5*a + 606. What is the tens digit of u?
9
Let t = 18 - -51. What is the units digit of t?
9
Suppose 0 = 2*t - 3*c - 4, -8*t + 2*c + 8 = -4*t. Suppose g - 2*p - 42 = 0, -g + 6 = -3*p - 41. Suppose t*v + g = 6*v. What is the units digit of v?
8
Let i = -297 - -426. What is the hundreds digit of i?
1
Suppose h = -h. Let l(u) = -u**3 - 11*u**2 - 16*u + 14. Let c be l(-9). Let g = h - c. What is the units digit of g?
4
Suppose -5*y - 276 - 224 = 0. Let r be ((-4)/(-5))/(8/y). What is the units digit of (-32)/r + (-1)/5?
3
Let f(v) = 105*v - 2. Let k be f(1). Let c = -69 + k. What is the tens digit of c?
3
Let j(f) = -f**2 - 8*f + 8. Let p be j(-8). Let q be p*(-3)/(-3*1). What is the units digit of (-40)/(-6) - q/12?
6
What is the tens digit of (2/(-5))/((-2)/270)?
5
Let u = 2 - 3. Let w be (2 + -8)*u + 0. Let x = w + -3. What is the units digit of x?
3
Suppose 1 = -o + 39. What is the units digit of o?
8
Suppose 7 = -4*j + 23. Let w be ((-21)/5)/(j/(-20)). Let s = 29 - w. What is the units digit of s?
8
Suppose -55 = -3*p + 86. W